{"id":15712,"date":"2025-05-02T11:46:30","date_gmt":"2025-05-02T09:46:30","guid":{"rendered":"https:\/\/federicoiaccarino.it\/prodotto\/horn-with-masks-c40030\/"},"modified":"2026-07-28T11:19:07","modified_gmt":"2026-07-28T09:19:07","slug":"cuerno-con-mascaras-c40030","status":"publish","type":"product","link":"https:\/\/federicoiaccarino.it\/es\/prodotto\/cuerno-con-mascaras-c40030\/","title":{"rendered":"Cuerno con M\u00e1scaras C40030"},"content":{"rendered":"<p>El cuerno rojo es uno de los amuletos de la suerte m\u00e1s famosos de la tradici\u00f3n napolitana. Su forma recuerda al falo de Pr\u00edapo, antigua divinidad s\u00edmbolo de prosperidad, fertilidad y abundancia.<\/p>\n<p>Seg\u00fan la tradici\u00f3n napolitana, el cuerno nunca debe comprarse para uno mismo, sino recibirse siempre como regalo, para que pueda expresar plenamente su significado simb\u00f3lico de protecci\u00f3n y buena fortuna.<\/p>\n<p>Todas las obras est\u00e1n realizadas seg\u00fan la antigua tradici\u00f3n de la escultura napolitana.<\/p>\n","protected":false},"excerpt":{"rendered":"<p>Materiales utilizados:<\/p>\n<p>Terracota esmaltada<\/p>\n","protected":false},"featured_media":15713,"comment_status":"open","ping_status":"closed","template":"","meta":[],"product_brand":[],"product_cat":[135,160],"product_tag":[],"class_list":["post-15712","product","type-product","status-publish","has-post-thumbnail","product_cat-objetos-y-figuras-tradicionales","product_cat-shop","has-post-title","has-post-date","has-post-category","has-post-tag","has-post-comment","has-post-author","","first","instock","shipping-taxable","purchasable","product-type-simple"],"yoast_head":"<!-- This site is optimized with the Yoast SEO plugin v28.1 - https:\/\/yoast.com\/product\/yoast-seo-wordpress\/ -->\n<title>Cuerno con M\u00e1scaras C40030 - Federico Iaccarino<\/title>\n<meta name=\"robots\" content=\"index, follow, max-snippet:-1, max-image-preview:large, max-video-preview:-1\" \/>\n<link rel=\"canonical\" href=\"https:\/\/federicoiaccarino.it\/es\/prodotto\/cuerno-con-mascaras-c40030\/\" \/>\n<meta property=\"og:locale\" content=\"es_ES\" \/>\n<meta property=\"og:type\" content=\"article\" \/>\n<meta property=\"og:title\" content=\"Cuerno con M\u00e1scaras C40030 - Federico Iaccarino\" \/>\n<meta property=\"og:description\" content=\"Materiales utilizados:  Terracota esmaltada\" \/>\n<meta property=\"og:url\" content=\"https:\/\/federicoiaccarino.it\/es\/prodotto\/cuerno-con-mascaras-c40030\/\" \/>\n<meta property=\"og:site_name\" content=\"Federico Iaccarino\" \/>\n<meta property=\"article:modified_time\" content=\"2026-07-28T09:19:07+00:00\" \/>\n<meta property=\"og:image\" content=\"https:\/\/federicoiaccarino.it\/wp-content\/uploads\/2025\/05\/20260619_112706.jpg\" \/>\n\t<meta property=\"og:image:width\" content=\"800\" \/>\n\t<meta property=\"og:image:height\" content=\"1200\" \/>\n\t<meta property=\"og:image:type\" content=\"image\/jpeg\" \/>\n<meta name=\"twitter:card\" content=\"summary_large_image\" \/>\n<meta name=\"twitter:label1\" content=\"Tiempo de lectura\" \/>\n\t<meta name=\"twitter:data1\" content=\"1 minuto\" \/>\n<script type=\"application\/ld+json\" class=\"yoast-schema-graph\">{\"@context\":\"https:\\\/\\\/schema.org\",\"@graph\":[{\"@type\":\"WebPage\",\"@id\":\"https:\\\/\\\/federicoiaccarino.it\\\/es\\\/prodotto\\\/cuerno-con-mascaras-c40030\\\/\",\"url\":\"https:\\\/\\\/federicoiaccarino.it\\\/es\\\/prodotto\\\/cuerno-con-mascaras-c40030\\\/\",\"name\":\"Cuerno con M\u00e1scaras C40030 - Federico Iaccarino\",\"isPartOf\":{\"@id\":\"https:\\\/\\\/federicoiaccarino.it\\\/es\\\/#website\"},\"primaryImageOfPage\":{\"@id\":\"https:\\\/\\\/federicoiaccarino.it\\\/es\\\/prodotto\\\/cuerno-con-mascaras-c40030\\\/#primaryimage\"},\"image\":{\"@id\":\"https:\\\/\\\/federicoiaccarino.it\\\/es\\\/prodotto\\\/cuerno-con-mascaras-c40030\\\/#primaryimage\"},\"thumbnailUrl\":\"https:\\\/\\\/federicoiaccarino.it\\\/wp-content\\\/uploads\\\/2025\\\/05\\\/20260619_112706.jpg\",\"datePublished\":\"2025-05-02T09:46:30+00:00\",\"dateModified\":\"2026-07-28T09:19:07+00:00\",\"breadcrumb\":{\"@id\":\"https:\\\/\\\/federicoiaccarino.it\\\/es\\\/prodotto\\\/cuerno-con-mascaras-c40030\\\/#breadcrumb\"},\"inLanguage\":\"es\",\"potentialAction\":[{\"@type\":\"ReadAction\",\"target\":[\"https:\\\/\\\/federicoiaccarino.it\\\/es\\\/prodotto\\\/cuerno-con-mascaras-c40030\\\/\"]}]},{\"@type\":\"ImageObject\",\"inLanguage\":\"es\",\"@id\":\"https:\\\/\\\/federicoiaccarino.it\\\/es\\\/prodotto\\\/cuerno-con-mascaras-c40030\\\/#primaryimage\",\"url\":\"https:\\\/\\\/federicoiaccarino.it\\\/wp-content\\\/uploads\\\/2025\\\/05\\\/20260619_112706.jpg\",\"contentUrl\":\"https:\\\/\\\/federicoiaccarino.it\\\/wp-content\\\/uploads\\\/2025\\\/05\\\/20260619_112706.jpg\",\"width\":800,\"height\":1200},{\"@type\":\"BreadcrumbList\",\"@id\":\"https:\\\/\\\/federicoiaccarino.it\\\/es\\\/prodotto\\\/cuerno-con-mascaras-c40030\\\/#breadcrumb\",\"itemListElement\":[{\"@type\":\"ListItem\",\"position\":1,\"name\":\"Home\",\"item\":\"https:\\\/\\\/federicoiaccarino.it\\\/es\\\/\"},{\"@type\":\"ListItem\",\"position\":2,\"name\":\"Tienda\",\"item\":\"https:\\\/\\\/federicoiaccarino.it\\\/es\\\/tienda\\\/\"},{\"@type\":\"ListItem\",\"position\":3,\"name\":\"Cuerno con M\u00e1scaras C40030\"}]},{\"@type\":\"WebSite\",\"@id\":\"https:\\\/\\\/federicoiaccarino.it\\\/es\\\/#website\",\"url\":\"https:\\\/\\\/federicoiaccarino.it\\\/es\\\/\",\"name\":\"Federico Iaccarino\",\"description\":\"\",\"potentialAction\":[{\"@type\":\"SearchAction\",\"target\":{\"@type\":\"EntryPoint\",\"urlTemplate\":\"https:\\\/\\\/federicoiaccarino.it\\\/es\\\/?s={search_term_string}\"},\"query-input\":{\"@type\":\"PropertyValueSpecification\",\"valueRequired\":true,\"valueName\":\"search_term_string\"}}],\"inLanguage\":\"es\"}]}<\/script>\n<!-- \/ Yoast SEO plugin. -->","yoast_head_json":{"title":"Cuerno con M\u00e1scaras C40030 - Federico Iaccarino","robots":{"index":"index","follow":"follow","max-snippet":"max-snippet:-1","max-image-preview":"max-image-preview:large","max-video-preview":"max-video-preview:-1"},"canonical":"https:\/\/federicoiaccarino.it\/es\/prodotto\/cuerno-con-mascaras-c40030\/","og_locale":"es_ES","og_type":"article","og_title":"Cuerno con M\u00e1scaras C40030 - Federico Iaccarino","og_description":"Materiales utilizados:  Terracota esmaltada","og_url":"https:\/\/federicoiaccarino.it\/es\/prodotto\/cuerno-con-mascaras-c40030\/","og_site_name":"Federico Iaccarino","article_modified_time":"2026-07-28T09:19:07+00:00","og_image":[{"width":800,"height":1200,"url":"https:\/\/federicoiaccarino.it\/wp-content\/uploads\/2025\/05\/20260619_112706.jpg","type":"image\/jpeg"}],"twitter_card":"summary_large_image","twitter_misc":{"Tiempo de lectura":"1 minuto"},"schema":{"@context":"https:\/\/schema.org","@graph":[{"@type":"WebPage","@id":"https:\/\/federicoiaccarino.it\/es\/prodotto\/cuerno-con-mascaras-c40030\/","url":"https:\/\/federicoiaccarino.it\/es\/prodotto\/cuerno-con-mascaras-c40030\/","name":"Cuerno con M\u00e1scaras C40030 - Federico Iaccarino","isPartOf":{"@id":"https:\/\/federicoiaccarino.it\/es\/#website"},"primaryImageOfPage":{"@id":"https:\/\/federicoiaccarino.it\/es\/prodotto\/cuerno-con-mascaras-c40030\/#primaryimage"},"image":{"@id":"https:\/\/federicoiaccarino.it\/es\/prodotto\/cuerno-con-mascaras-c40030\/#primaryimage"},"thumbnailUrl":"https:\/\/federicoiaccarino.it\/wp-content\/uploads\/2025\/05\/20260619_112706.jpg","datePublished":"2025-05-02T09:46:30+00:00","dateModified":"2026-07-28T09:19:07+00:00","breadcrumb":{"@id":"https:\/\/federicoiaccarino.it\/es\/prodotto\/cuerno-con-mascaras-c40030\/#breadcrumb"},"inLanguage":"es","potentialAction":[{"@type":"ReadAction","target":["https:\/\/federicoiaccarino.it\/es\/prodotto\/cuerno-con-mascaras-c40030\/"]}]},{"@type":"ImageObject","inLanguage":"es","@id":"https:\/\/federicoiaccarino.it\/es\/prodotto\/cuerno-con-mascaras-c40030\/#primaryimage","url":"https:\/\/federicoiaccarino.it\/wp-content\/uploads\/2025\/05\/20260619_112706.jpg","contentUrl":"https:\/\/federicoiaccarino.it\/wp-content\/uploads\/2025\/05\/20260619_112706.jpg","width":800,"height":1200},{"@type":"BreadcrumbList","@id":"https:\/\/federicoiaccarino.it\/es\/prodotto\/cuerno-con-mascaras-c40030\/#breadcrumb","itemListElement":[{"@type":"ListItem","position":1,"name":"Home","item":"https:\/\/federicoiaccarino.it\/es\/"},{"@type":"ListItem","position":2,"name":"Tienda","item":"https:\/\/federicoiaccarino.it\/es\/tienda\/"},{"@type":"ListItem","position":3,"name":"Cuerno con M\u00e1scaras C40030"}]},{"@type":"WebSite","@id":"https:\/\/federicoiaccarino.it\/es\/#website","url":"https:\/\/federicoiaccarino.it\/es\/","name":"Federico Iaccarino","description":"","potentialAction":[{"@type":"SearchAction","target":{"@type":"EntryPoint","urlTemplate":"https:\/\/federicoiaccarino.it\/es\/?s={search_term_string}"},"query-input":{"@type":"PropertyValueSpecification","valueRequired":true,"valueName":"search_term_string"}}],"inLanguage":"es"}]}},"builder_content":"","_links":{"self":[{"href":"https:\/\/federicoiaccarino.it\/es\/wp-json\/wp\/v2\/product\/15712","targetHints":{"allow":["GET"]}}],"collection":[{"href":"https:\/\/federicoiaccarino.it\/es\/wp-json\/wp\/v2\/product"}],"about":[{"href":"https:\/\/federicoiaccarino.it\/es\/wp-json\/wp\/v2\/types\/product"}],"replies":[{"embeddable":true,"href":"https:\/\/federicoiaccarino.it\/es\/wp-json\/wp\/v2\/comments?post=15712"}],"wp:featuredmedia":[{"embeddable":true,"href":"https:\/\/federicoiaccarino.it\/es\/wp-json\/wp\/v2\/media\/15713"}],"wp:attachment":[{"href":"https:\/\/federicoiaccarino.it\/es\/wp-json\/wp\/v2\/media?parent=15712"}],"wp:term":[{"taxonomy":"product_brand","embeddable":true,"href":"https:\/\/federicoiaccarino.it\/es\/wp-json\/wp\/v2\/product_brand?post=15712"},{"taxonomy":"product_cat","embeddable":true,"href":"https:\/\/federicoiaccarino.it\/es\/wp-json\/wp\/v2\/product_cat?post=15712"},{"taxonomy":"product_tag","embeddable":true,"href":"https:\/\/federicoiaccarino.it\/es\/wp-json\/wp\/v2\/product_tag?post=15712"}],"curies":[{"name":"wp","href":"https:\/\/api.w.org\/{rel}","templated":true}]}}

Cuerno con Máscaras C40030

<p>El cuerno rojo es uno de los amuletos de la suerte más famosos de la tradición napolitana. Su forma recuerda al falo de Príapo, antigua divinidad símbolo de prosperidad, fertilidad y abundancia.</p>
<p>Según la tradición napolitana, el cuerno nunca debe comprarse para uno mismo, sino recibirse siempre como regalo, para que pueda expresar plenamente su significado simbólico de protección y buena fortuna.</p>
<p>Todas las obras están realizadas según la antigua tradición de la escultura napolitana.</p>

<!-- This site is optimized with the Yoast SEO plugin v28.1 - https://yoast.com/product/yoast-seo-wordpress/ -->
<title>Cuerno con Máscaras C40030 - Federico Iaccarino</title>
<meta name="robots" content="index, follow, max-snippet:-1, max-image-preview:large, max-video-preview:-1" />
<link rel="canonical" href="https://federicoiaccarino.it/es/prodotto/cuerno-con-mascaras-c40030/" />
<meta property="og:locale" content="es_ES" />
<meta property="og:type" content="article" />
<meta property="og:title" content="Cuerno con Máscaras C40030 - Federico Iaccarino" />
<meta property="og:description" content="Materiales utilizados:  Terracota esmaltada" />
<meta property="og:url" content="https://federicoiaccarino.it/es/prodotto/cuerno-con-mascaras-c40030/" />
<meta property="og:site_name" content="Federico Iaccarino" />
<meta property="article:modified_time" content="2026-07-28T09:19:07+00:00" />
<meta property="og:image" content="https://federicoiaccarino.it/wp-content/uploads/2025/05/20260619_112706.jpg" />
	<meta property="og:image:width" content="800" />
	<meta property="og:image:height" content="1200" />
	<meta property="og:image:type" content="image/jpeg" />
<meta name="twitter:card" content="summary_large_image" />
<meta name="twitter:label1" content="Tiempo de lectura" />
	<meta name="twitter:data1" content="1 minuto" />
<script type="application/ld+json" class="yoast-schema-graph">{"@context":"https:\/\/schema.org","@graph":[{"@type":"WebPage","@id":"https:\/\/federicoiaccarino.it\/es\/prodotto\/cuerno-con-mascaras-c40030\/","url":"https:\/\/federicoiaccarino.it\/es\/prodotto\/cuerno-con-mascaras-c40030\/","name":"Cuerno con Máscaras C40030 - Federico Iaccarino","isPartOf":{"@id":"https:\/\/federicoiaccarino.it\/es\/#website"},"primaryImageOfPage":{"@id":"https:\/\/federicoiaccarino.it\/es\/prodotto\/cuerno-con-mascaras-c40030\/#primaryimage"},"image":{"@id":"https:\/\/federicoiaccarino.it\/es\/prodotto\/cuerno-con-mascaras-c40030\/#primaryimage"},"thumbnailUrl":"https:\/\/federicoiaccarino.it\/wp-content\/uploads\/2025\/05\/20260619_112706.jpg","datePublished":"2025-05-02T09:46:30+00:00","dateModified":"2026-07-28T09:19:07+00:00","breadcrumb":{"@id":"https:\/\/federicoiaccarino.it\/es\/prodotto\/cuerno-con-mascaras-c40030\/#breadcrumb"},"inLanguage":"es","potentialAction":[{"@type":"ReadAction","target":["https:\/\/federicoiaccarino.it\/es\/prodotto\/cuerno-con-mascaras-c40030\/"]}]},{"@type":"ImageObject","inLanguage":"es","@id":"https:\/\/federicoiaccarino.it\/es\/prodotto\/cuerno-con-mascaras-c40030\/#primaryimage","url":"https:\/\/federicoiaccarino.it\/wp-content\/uploads\/2025\/05\/20260619_112706.jpg","contentUrl":"https:\/\/federicoiaccarino.it\/wp-content\/uploads\/2025\/05\/20260619_112706.jpg","width":800,"height":1200},{"@type":"BreadcrumbList","@id":"https:\/\/federicoiaccarino.it\/es\/prodotto\/cuerno-con-mascaras-c40030\/#breadcrumb","itemListElement":[{"@type":"ListItem","position":1,"name":"Home","item":"https:\/\/federicoiaccarino.it\/es\/"},{"@type":"ListItem","position":2,"name":"Tienda","item":"https:\/\/federicoiaccarino.it\/es\/tienda\/"},{"@type":"ListItem","position":3,"name":"Cuerno con Máscaras C40030"}]},{"@type":"WebSite","@id":"https:\/\/federicoiaccarino.it\/es\/#website","url":"https:\/\/federicoiaccarino.it\/es\/","name":"Federico Iaccarino","description":"","potentialAction":[{"@type":"SearchAction","target":{"@type":"EntryPoint","urlTemplate":"https:\/\/federicoiaccarino.it\/es\/?s={search_term_string}"},"query-input":{"@type":"PropertyValueSpecification","valueRequired":true,"valueName":"search_term_string"}}],"inLanguage":"es"}]}</script>
<!-- / Yoast SEO plugin. -->

Cuerno con Máscaras C40030 - Federico Iaccarino
