{"id":15145,"date":"2026-07-24T11:01:07","date_gmt":"2026-07-24T09:01:07","guid":{"rendered":"https:\/\/federicoiaccarino.it\/prodotto\/pulcinella-figurine-c32070\/"},"modified":"2026-07-27T15:59:41","modified_gmt":"2026-07-27T13:59:41","slug":"figura-de-pulcinella-c32070","status":"publish","type":"product","link":"https:\/\/federicoiaccarino.it\/es\/prodotto\/figura-de-pulcinella-c32070\/","title":{"rendered":"Figura de Pulcinella C32070"},"content":{"rendered":"","protected":false},"excerpt":{"rendered":"<p>PULCINELLA 24 cm<\/p>\n<p>Cuerpo articulado realizado con alambre de hierro y c\u00e1\u00f1amo<br \/>\nCabeza de terracota<br \/>\nOjos de vidrio pintados a mano por la parte posterior<br \/>\nManos y pies de madera<br \/>\nVestidos de algod\u00f3n<br \/>\nPintura realizada con colores al \u00f3leo<br \/>\nMandolina de madera<\/p>\n","protected":false},"featured_media":15146,"comment_status":"open","ping_status":"closed","template":"","meta":[],"product_brand":[],"product_cat":[135],"product_tag":[],"class_list":["post-15145","product","type-product","status-publish","has-post-thumbnail","product_cat-objetos-y-figuras-tradicionales","product_shipping_class-pastori-20-25","has-post-title","has-post-date","has-post-category","has-post-tag","has-post-comment","has-post-author","","first","instock","shipping-taxable","purchasable","product-type-simple"],"yoast_head":"<!-- This site is optimized with the Yoast SEO plugin v28.1 - https:\/\/yoast.com\/product\/yoast-seo-wordpress\/ -->\n<title>Figura de Pulcinella C32070 - Federico Iaccarino<\/title>\n<meta name=\"robots\" content=\"index, follow, max-snippet:-1, max-image-preview:large, max-video-preview:-1\" \/>\n<link rel=\"canonical\" href=\"https:\/\/federicoiaccarino.it\/es\/prodotto\/figura-de-pulcinella-c32070\/\" \/>\n<meta property=\"og:locale\" content=\"es_ES\" \/>\n<meta property=\"og:type\" content=\"article\" \/>\n<meta property=\"og:title\" content=\"Figura de Pulcinella C32070 - Federico Iaccarino\" \/>\n<meta property=\"og:description\" content=\"PULCINELLA 24 cm  Cuerpo articulado realizado con alambre de hierro y c\u00e1\u00f1amo Cabeza de terracota Ojos de vidrio pintados a mano por la parte posterior Manos y pies de madera Vestidos de algod\u00f3n Pintura realizada con colores al \u00f3leo Mandolina de madera\" \/>\n<meta property=\"og:url\" content=\"https:\/\/federicoiaccarino.it\/es\/prodotto\/figura-de-pulcinella-c32070\/\" \/>\n<meta property=\"og:site_name\" content=\"Federico Iaccarino\" \/>\n<meta property=\"article:modified_time\" content=\"2026-07-27T13:59:41+00:00\" \/>\n<meta property=\"og:image\" content=\"https:\/\/federicoiaccarino.it\/wp-content\/uploads\/2026\/07\/20260722_160916.jpg\" \/>\n\t<meta property=\"og:image:width\" content=\"800\" \/>\n\t<meta property=\"og:image:height\" content=\"1200\" \/>\n\t<meta property=\"og:image:type\" content=\"image\/jpeg\" \/>\n<meta name=\"twitter:card\" content=\"summary_large_image\" \/>\n<script type=\"application\/ld+json\" class=\"yoast-schema-graph\">{\"@context\":\"https:\\\/\\\/schema.org\",\"@graph\":[{\"@type\":\"WebPage\",\"@id\":\"https:\\\/\\\/federicoiaccarino.it\\\/es\\\/prodotto\\\/figura-de-pulcinella-c32070\\\/\",\"url\":\"https:\\\/\\\/federicoiaccarino.it\\\/es\\\/prodotto\\\/figura-de-pulcinella-c32070\\\/\",\"name\":\"Figura de Pulcinella C32070 - Federico Iaccarino\",\"isPartOf\":{\"@id\":\"https:\\\/\\\/federicoiaccarino.it\\\/es\\\/#website\"},\"primaryImageOfPage\":{\"@id\":\"https:\\\/\\\/federicoiaccarino.it\\\/es\\\/prodotto\\\/figura-de-pulcinella-c32070\\\/#primaryimage\"},\"image\":{\"@id\":\"https:\\\/\\\/federicoiaccarino.it\\\/es\\\/prodotto\\\/figura-de-pulcinella-c32070\\\/#primaryimage\"},\"thumbnailUrl\":\"https:\\\/\\\/federicoiaccarino.it\\\/wp-content\\\/uploads\\\/2026\\\/07\\\/20260722_160916.jpg\",\"datePublished\":\"2026-07-24T09:01:07+00:00\",\"dateModified\":\"2026-07-27T13:59:41+00:00\",\"breadcrumb\":{\"@id\":\"https:\\\/\\\/federicoiaccarino.it\\\/es\\\/prodotto\\\/figura-de-pulcinella-c32070\\\/#breadcrumb\"},\"inLanguage\":\"es\",\"potentialAction\":[{\"@type\":\"ReadAction\",\"target\":[\"https:\\\/\\\/federicoiaccarino.it\\\/es\\\/prodotto\\\/figura-de-pulcinella-c32070\\\/\"]}]},{\"@type\":\"ImageObject\",\"inLanguage\":\"es\",\"@id\":\"https:\\\/\\\/federicoiaccarino.it\\\/es\\\/prodotto\\\/figura-de-pulcinella-c32070\\\/#primaryimage\",\"url\":\"https:\\\/\\\/federicoiaccarino.it\\\/wp-content\\\/uploads\\\/2026\\\/07\\\/20260722_160916.jpg\",\"contentUrl\":\"https:\\\/\\\/federicoiaccarino.it\\\/wp-content\\\/uploads\\\/2026\\\/07\\\/20260722_160916.jpg\",\"width\":800,\"height\":1200},{\"@type\":\"BreadcrumbList\",\"@id\":\"https:\\\/\\\/federicoiaccarino.it\\\/es\\\/prodotto\\\/figura-de-pulcinella-c32070\\\/#breadcrumb\",\"itemListElement\":[{\"@type\":\"ListItem\",\"position\":1,\"name\":\"Home\",\"item\":\"https:\\\/\\\/federicoiaccarino.it\\\/es\\\/\"},{\"@type\":\"ListItem\",\"position\":2,\"name\":\"Tienda\",\"item\":\"https:\\\/\\\/federicoiaccarino.it\\\/es\\\/tienda\\\/\"},{\"@type\":\"ListItem\",\"position\":3,\"name\":\"Figura de Pulcinella C32070\"}]},{\"@type\":\"WebSite\",\"@id\":\"https:\\\/\\\/federicoiaccarino.it\\\/es\\\/#website\",\"url\":\"https:\\\/\\\/federicoiaccarino.it\\\/es\\\/\",\"name\":\"Federico Iaccarino\",\"description\":\"\",\"potentialAction\":[{\"@type\":\"SearchAction\",\"target\":{\"@type\":\"EntryPoint\",\"urlTemplate\":\"https:\\\/\\\/federicoiaccarino.it\\\/es\\\/?s={search_term_string}\"},\"query-input\":{\"@type\":\"PropertyValueSpecification\",\"valueRequired\":true,\"valueName\":\"search_term_string\"}}],\"inLanguage\":\"es\"}]}<\/script>\n<!-- \/ Yoast SEO plugin. -->","yoast_head_json":{"title":"Figura de Pulcinella C32070 - Federico Iaccarino","robots":{"index":"index","follow":"follow","max-snippet":"max-snippet:-1","max-image-preview":"max-image-preview:large","max-video-preview":"max-video-preview:-1"},"canonical":"https:\/\/federicoiaccarino.it\/es\/prodotto\/figura-de-pulcinella-c32070\/","og_locale":"es_ES","og_type":"article","og_title":"Figura de Pulcinella C32070 - Federico Iaccarino","og_description":"PULCINELLA 24 cm  Cuerpo articulado realizado con alambre de hierro y c\u00e1\u00f1amo Cabeza de terracota Ojos de vidrio pintados a mano por la parte posterior Manos y pies de madera Vestidos de algod\u00f3n Pintura realizada con colores al \u00f3leo Mandolina de madera","og_url":"https:\/\/federicoiaccarino.it\/es\/prodotto\/figura-de-pulcinella-c32070\/","og_site_name":"Federico Iaccarino","article_modified_time":"2026-07-27T13:59:41+00:00","og_image":[{"width":800,"height":1200,"url":"https:\/\/federicoiaccarino.it\/wp-content\/uploads\/2026\/07\/20260722_160916.jpg","type":"image\/jpeg"}],"twitter_card":"summary_large_image","schema":{"@context":"https:\/\/schema.org","@graph":[{"@type":"WebPage","@id":"https:\/\/federicoiaccarino.it\/es\/prodotto\/figura-de-pulcinella-c32070\/","url":"https:\/\/federicoiaccarino.it\/es\/prodotto\/figura-de-pulcinella-c32070\/","name":"Figura de Pulcinella C32070 - Federico Iaccarino","isPartOf":{"@id":"https:\/\/federicoiaccarino.it\/es\/#website"},"primaryImageOfPage":{"@id":"https:\/\/federicoiaccarino.it\/es\/prodotto\/figura-de-pulcinella-c32070\/#primaryimage"},"image":{"@id":"https:\/\/federicoiaccarino.it\/es\/prodotto\/figura-de-pulcinella-c32070\/#primaryimage"},"thumbnailUrl":"https:\/\/federicoiaccarino.it\/wp-content\/uploads\/2026\/07\/20260722_160916.jpg","datePublished":"2026-07-24T09:01:07+00:00","dateModified":"2026-07-27T13:59:41+00:00","breadcrumb":{"@id":"https:\/\/federicoiaccarino.it\/es\/prodotto\/figura-de-pulcinella-c32070\/#breadcrumb"},"inLanguage":"es","potentialAction":[{"@type":"ReadAction","target":["https:\/\/federicoiaccarino.it\/es\/prodotto\/figura-de-pulcinella-c32070\/"]}]},{"@type":"ImageObject","inLanguage":"es","@id":"https:\/\/federicoiaccarino.it\/es\/prodotto\/figura-de-pulcinella-c32070\/#primaryimage","url":"https:\/\/federicoiaccarino.it\/wp-content\/uploads\/2026\/07\/20260722_160916.jpg","contentUrl":"https:\/\/federicoiaccarino.it\/wp-content\/uploads\/2026\/07\/20260722_160916.jpg","width":800,"height":1200},{"@type":"BreadcrumbList","@id":"https:\/\/federicoiaccarino.it\/es\/prodotto\/figura-de-pulcinella-c32070\/#breadcrumb","itemListElement":[{"@type":"ListItem","position":1,"name":"Home","item":"https:\/\/federicoiaccarino.it\/es\/"},{"@type":"ListItem","position":2,"name":"Tienda","item":"https:\/\/federicoiaccarino.it\/es\/tienda\/"},{"@type":"ListItem","position":3,"name":"Figura de Pulcinella C32070"}]},{"@type":"WebSite","@id":"https:\/\/federicoiaccarino.it\/es\/#website","url":"https:\/\/federicoiaccarino.it\/es\/","name":"Federico Iaccarino","description":"","potentialAction":[{"@type":"SearchAction","target":{"@type":"EntryPoint","urlTemplate":"https:\/\/federicoiaccarino.it\/es\/?s={search_term_string}"},"query-input":{"@type":"PropertyValueSpecification","valueRequired":true,"valueName":"search_term_string"}}],"inLanguage":"es"}]}},"builder_content":"","_links":{"self":[{"href":"https:\/\/federicoiaccarino.it\/es\/wp-json\/wp\/v2\/product\/15145","targetHints":{"allow":["GET"]}}],"collection":[{"href":"https:\/\/federicoiaccarino.it\/es\/wp-json\/wp\/v2\/product"}],"about":[{"href":"https:\/\/federicoiaccarino.it\/es\/wp-json\/wp\/v2\/types\/product"}],"replies":[{"embeddable":true,"href":"https:\/\/federicoiaccarino.it\/es\/wp-json\/wp\/v2\/comments?post=15145"}],"wp:featuredmedia":[{"embeddable":true,"href":"https:\/\/federicoiaccarino.it\/es\/wp-json\/wp\/v2\/media\/15146"}],"wp:attachment":[{"href":"https:\/\/federicoiaccarino.it\/es\/wp-json\/wp\/v2\/media?parent=15145"}],"wp:term":[{"taxonomy":"product_brand","embeddable":true,"href":"https:\/\/federicoiaccarino.it\/es\/wp-json\/wp\/v2\/product_brand?post=15145"},{"taxonomy":"product_cat","embeddable":true,"href":"https:\/\/federicoiaccarino.it\/es\/wp-json\/wp\/v2\/product_cat?post=15145"},{"taxonomy":"product_tag","embeddable":true,"href":"https:\/\/federicoiaccarino.it\/es\/wp-json\/wp\/v2\/product_tag?post=15145"}],"curies":[{"name":"wp","href":"https:\/\/api.w.org\/{rel}","templated":true}]}}

<p>PULCINELLA 24 cm</p>
<p>Cuerpo articulado realizado con alambre de hierro y cáñamo<br />
Cabeza de terracota<br />
Ojos de vidrio pintados a mano por la parte posterior<br />
Manos y pies de madera<br />
Vestidos de algodón<br />
Pintura realizada con colores al óleo<br />
Mandolina de madera</p>

<!-- This site is optimized with the Yoast SEO plugin v28.1 - https://yoast.com/product/yoast-seo-wordpress/ -->
<title>Figura de Pulcinella C32070 - Federico Iaccarino</title>
<meta name="robots" content="index, follow, max-snippet:-1, max-image-preview:large, max-video-preview:-1" />
<link rel="canonical" href="https://federicoiaccarino.it/es/prodotto/figura-de-pulcinella-c32070/" />
<meta property="og:locale" content="es_ES" />
<meta property="og:type" content="article" />
<meta property="og:title" content="Figura de Pulcinella C32070 - Federico Iaccarino" />
<meta property="og:description" content="PULCINELLA 24 cm  Cuerpo articulado realizado con alambre de hierro y cáñamo Cabeza de terracota Ojos de vidrio pintados a mano por la parte posterior Manos y pies de madera Vestidos de algodón Pintura realizada con colores al óleo Mandolina de madera" />
<meta property="og:url" content="https://federicoiaccarino.it/es/prodotto/figura-de-pulcinella-c32070/" />
<meta property="og:site_name" content="Federico Iaccarino" />
<meta property="article:modified_time" content="2026-07-27T13:59:41+00:00" />
<meta property="og:image" content="https://federicoiaccarino.it/wp-content/uploads/2026/07/20260722_160916.jpg" />
	<meta property="og:image:width" content="800" />
	<meta property="og:image:height" content="1200" />
	<meta property="og:image:type" content="image/jpeg" />
<meta name="twitter:card" content="summary_large_image" />
<script type="application/ld+json" class="yoast-schema-graph">{"@context":"https:\/\/schema.org","@graph":[{"@type":"WebPage","@id":"https:\/\/federicoiaccarino.it\/es\/prodotto\/figura-de-pulcinella-c32070\/","url":"https:\/\/federicoiaccarino.it\/es\/prodotto\/figura-de-pulcinella-c32070\/","name":"Figura de Pulcinella C32070 - Federico Iaccarino","isPartOf":{"@id":"https:\/\/federicoiaccarino.it\/es\/#website"},"primaryImageOfPage":{"@id":"https:\/\/federicoiaccarino.it\/es\/prodotto\/figura-de-pulcinella-c32070\/#primaryimage"},"image":{"@id":"https:\/\/federicoiaccarino.it\/es\/prodotto\/figura-de-pulcinella-c32070\/#primaryimage"},"thumbnailUrl":"https:\/\/federicoiaccarino.it\/wp-content\/uploads\/2026\/07\/20260722_160916.jpg","datePublished":"2026-07-24T09:01:07+00:00","dateModified":"2026-07-27T13:59:41+00:00","breadcrumb":{"@id":"https:\/\/federicoiaccarino.it\/es\/prodotto\/figura-de-pulcinella-c32070\/#breadcrumb"},"inLanguage":"es","potentialAction":[{"@type":"ReadAction","target":["https:\/\/federicoiaccarino.it\/es\/prodotto\/figura-de-pulcinella-c32070\/"]}]},{"@type":"ImageObject","inLanguage":"es","@id":"https:\/\/federicoiaccarino.it\/es\/prodotto\/figura-de-pulcinella-c32070\/#primaryimage","url":"https:\/\/federicoiaccarino.it\/wp-content\/uploads\/2026\/07\/20260722_160916.jpg","contentUrl":"https:\/\/federicoiaccarino.it\/wp-content\/uploads\/2026\/07\/20260722_160916.jpg","width":800,"height":1200},{"@type":"BreadcrumbList","@id":"https:\/\/federicoiaccarino.it\/es\/prodotto\/figura-de-pulcinella-c32070\/#breadcrumb","itemListElement":[{"@type":"ListItem","position":1,"name":"Home","item":"https:\/\/federicoiaccarino.it\/es\/"},{"@type":"ListItem","position":2,"name":"Tienda","item":"https:\/\/federicoiaccarino.it\/es\/tienda\/"},{"@type":"ListItem","position":3,"name":"Figura de Pulcinella C32070"}]},{"@type":"WebSite","@id":"https:\/\/federicoiaccarino.it\/es\/#website","url":"https:\/\/federicoiaccarino.it\/es\/","name":"Federico Iaccarino","description":"","potentialAction":[{"@type":"SearchAction","target":{"@type":"EntryPoint","urlTemplate":"https:\/\/federicoiaccarino.it\/es\/?s={search_term_string}"},"query-input":{"@type":"PropertyValueSpecification","valueRequired":true,"valueName":"search_term_string"}}],"inLanguage":"es"}]}</script>
<!-- / Yoast SEO plugin. -->

PULCINELLA 24 cm  Cuerpo articulado realizado con alambre de hierro y cáñamo Cabeza de terracota Ojos de vidrio pintados a mano por la parte posterior Manos y pies de madera Vestidos de algodón Pintura realizada con colores al óleo Mandolina de madera
